. Calculate the highest common divisor of 5 and a.
5
Let t(h) = 2*h**2 - 2*h - 7. Let r be t(6). Let d = r + -23. What is the highest common factor of 6 and d?
6
Suppose 33 = 3*p - 4*p + 5*n, -3*p - 143 = -4*n. Let x = 57 - p. What is the highest common factor of 10 and x?
10
Suppose 3*j - 40 = -5*a, -4*a = -4*j - 0*j + 96. Suppose w + 1 = 0, 0 = -t - 5*w + 52 + 43. Calculate the highest common factor of j and t.
20
Let h = -25 + 33. Suppose 4*r + 4 = -4*b, -b = -6*b + 4*r + 13. Let g be 18 + -1 + (4 - b). What is the highest common divisor of g and h?
4
Let l be 6/(-15) + (-1794)/(-10). Suppose 0 = -3*g - 65 + l. What is the highest common factor of g and 19?
19
Let c = 261 + -157. What is the highest common divisor of c and 8?
8
Let h be -3*2634/(-45) + 6/(-10). What is the greatest common factor of h and 35?
35
Suppose -20 = v + 2*s + 6, 4*s + 4 = 0. Let r = v + 38. Calculate the highest common divisor of 21 and r.
7
Let j be (2 + (-1)/(-1))*8. What is the highest common factor of j and 6?
6
Suppose -4 = -4*t - 0*t. Suppose -f - t = -11. What is the highest common divisor of 90 and f?
10
Let r(x) = -x + 4. Let b be r(3). What is the greatest common divisor of b and 2?
1
Let n = -6 - -46. Suppose 5*q = -4*i + 35, -2*q - 4*i = i - 14. Let f(s) = 2*s - 9. Let x be f(q). Calculate the highest common factor of n and x.
5
Let j = 89 - 78. Calculate the highest common factor of 11 and j.
11
Let u(c) = -2*c**2 + 14*c**3 - 4 + 3 - c + 2*c**3. Let i be u(2). Let d = i - 21. Calculate the greatest common factor of d and 12.
12
Let k(a) = -a**3 - a**2 + 3*a + 26. Let g be k(0). What is the highest common divisor of 52 and g?
26
Let t be 1/2 + (-12)/(-8). Suppose 5*h - 80 = -2*r - 3*r, 7 = r - t*h. What is the highest common factor of 143 and r?
13
Let y be 55/(-10)*(-4)/2. What is the greatest common divisor of 77 and y?
11
Let f = 73 - 13. Let a(w) = w**2 - 8*w - 9. Let s be a(11). Calculate the highest common factor of f and s.
12
Let s(i) = i**2 + 4*i + 2. Let g be -2*1 + 8/(-4). Let l be s(g). What is the greatest common factor of l and 2?
2
Suppose 4*x - 176 = -68. Calculate the greatest common divisor of 9 and x.
9
Let h(b) = b**3 + 15*b**2 - 12*b - 3. Let v be h(-16). Let i = v + 151. Calculate the greatest common factor of i and 14.
14
Let o(m) be the first derivative of 7*m**2/2 - 3*m - 2. Let c be o(2). What is the greatest common factor of c and 11?
11
Let b = 17 + -21. Let i be 12 - 0 - b/(-4). What is the greatest common factor of i and 22?
11
Let f(c) = c**2 - 10*c - 7. Let k be f(-5). Calculate the greatest common factor of k and 34.
34
Suppose -2*w + 116 = -4*o, 3*w - o - 317 = -2*w. Let k(d) = d**2 - 9*d - 2. Let j be k(-1). What is the highest common divisor of j and w?
8
Suppose 5*j + 4*t = -3 - 2, -4*j = -3*t - 27. Suppose 0 = j*g - 2*g - 5. What is the greatest common divisor of 5 and g?
5
Suppose 8 = -5*o + 23. Suppose n - 7 = -5*h, -n - n = -2*h - 2. Calculate the highest common divisor of n and o.
1
Suppose -12 = 3*x - 4*x. Let o = 17 - x. Suppose 4*b + 6*y - 3*y - 314 = 0, 3*b = -o*y + 230. What is the highest common factor of b and 10?
10
Suppose k + 12 = 26. What is the highest common divisor of k and 7?
7
Let c = 66 + -64. What is the greatest common divisor of 22 and c?
2
Suppose -2 = -3*p + 2*p. Suppose p*u + 4*y - 5 = -3*u, 2*u - 2*y = 2. Suppose 3*q = 14 + u. What is the highest common divisor of 5 and q?
5
Suppose 0 = -2*t + 342 + 252. What is the highest common factor of t and 27?
27
Let g(y) = y**3 - 16*y**2 + 4*y - 22. Let d be g(16). Let i be 214/(-14) + 4/14. Let w be (-213)/i + 1/(-5). Calculate the greatest common divisor of d and w.
14
Suppose -4*s - s + z = -157, 3*s + z = 91. What is the greatest common divisor of 124 and s?
31
Suppose -150 = -6*o + 30. Let f = 19 - 7. Calculate the greatest common divisor of f and o.
6
Let z be (-12)/(-30) - (-13)/5. Suppose -z*o + 2*n + 26 = 0, -3*n - 10 = o + n. Let a be ((-4)/6)/((-4)/o). What is the greatest common factor of a and 11?
1
Let j = 23 + -8. Calculate the greatest common factor of j and 20.
5
Let j be (-4)/(-6) + (-66)/(-9). Let v be (0 + 9)/(2/j). Let h(d) = 3*d**2 - 25*d - 38. Let y be h(10). Calculate the greatest common factor of y and v.
12
Let f be (4524/54 + (-2)/(-9))/1. Let z = -77 + 133. What is the highest common divisor of z and f?
28
Let o(r) = 6*r**2 - 2*r + 9. Let v be o(-5). Calculate the highest common divisor of v and 13.
13
Let a be (-14)/63 + 20/9. Suppose y - 41 = 4*b, -y + 138 = a*y + 3*b. Calculate the highest common factor of 5 and y.
5
Let t = -119 - -177. Let c = t + -2. Suppose 5*m - 10 - 25 = 0. Calculate the highest common factor of c and m.
7
Suppose f - 18 = 4*f - a, -a = f + 10. Let m = 23 + f. Let o be (2 - -78) + 0 + 0. What is the greatest common divisor of o and m?
16
Let n(l) = -5*l**3 + 6*l**3 - 2*l**3 + 1 + 3*l. Let o be n(-2). Let z be 2 - 1/(-1) - 1. What is the highest common divisor of z and o?
1
Let s = -63 - -95. Calculate the highest common divisor of s and 80.
16
Let c(p) = 2*p**3 - 5*p**2 - 12*p - 2. Let i be c(5). Let z = 14 - 7. Calculate the highest common factor of z and i.
7
Let a = 464 + -328. Let q = -34 + 58. Suppose -3*j = -q - 27. Calculate the greatest common divisor of a and j.
17
Suppose -5*c = -4*k - 5, -2*c = -k - c - 1. Let f = k + 3. Suppose -16 = -2*s - 5*p + f, s = 5*p - 13. Calculate the highest common factor of 18 and s.
2
Suppose 0 = 2*n + 3*i - 18, -5*n = -2*n + 5*i - 29. Suppose -w = 3*s - 51, -n*w + 80 = 4*s - 48. What is the greatest common divisor of w and 12?
12
Suppose -185 = -4*a + r, -r = -4*r - 15. Suppose -4*b + 19 = -a. Suppose 116 = 5*i + b. What is the highest common factor of i and 5?
5
Let a(p) = p**2 - 6*p - 5. Let g be a(7). Let y = g + 5. Calculate the greatest common factor of y and 21.
7
Let w(b) = -3*b - 3. Suppose -18 = c - 5*g, -2*g = 2*c - 3*g + 9. Let v be w(c). What is the highest common factor of v and 48?
6
Let f = 12 - 2. Let n(q) = -q + 14. Let b be n(f). Calculate the highest common divisor of b and 32.
4
Suppose 0 = 3*s - 7*j + 2*j - 23, -3*s - 4*j = -68. Let x(c) = -c**2 - 6*c - 6. Let w = -8 + 4. Let i be x(w). What is the greatest common factor of i and s?
2
Suppose -2*c = 5*a - 13, -2*c - a = 3*a - 14. Let g = -6 - -9. Calculate the highest common factor of c and g.
3
Suppose -y + 8 = w + 1, 4*w - 2*y - 10 = 0. Let r(h) = 3*h**2 - 2*h - 4. Let z be r(4). What is the greatest common factor of w and z?
4
Let u(y) = y**3 - 4*y**2 + 2*y + 1. Let m be u(4). What is the greatest common divisor of m and 9?
9
Suppose 15 = 6*l - 33. Let z be (-6)/(3/(-48)*6). What is the highest common divisor of z and l?
8
Suppose 0 = 2*r + 5*r - 2016. Suppose r = 6*n + 48. What is the highest common divisor of 10 and n?
10
Let k(c) = -c**3 - 7*c**2 - 7*c + 3. Let l be k(-6). Calculate the greatest common factor of l and 81.
9
Let u(l) = 2*l**2 + 2*l + 1. Let d be u(-2). Calculate the highest common divisor of d and 15.
5
Let x be 9/(-36) + (-1)/(-4). Suppose x = -z - 4*m + 30, -2*z + m = -0*m - 15. What is the highest common factor of z and 10?
10
Let o = -28 + 60. Suppose 70 = 3*r - o. Calculate the greatest common divisor of r and 17.
17
Let v = -1 + 5. Suppose -2*c = 3*k - 0 + 13, k + 9 = v*c. Suppose -a + 3 = -3*h + 4, h + 37 = 5*a. What is the highest common divisor of c and a?
1
Suppose 48 = 5*y + 4*o, -3*y + 2*o - 36 = -7*y. Let t = y + -2. Calculate the greatest common factor of t and 6.
6
Let u be ((-5)/15)/(2/(-18)). Suppose 0 = 2*t - u*t + 17. Suppose -44 + t = -3*f. What is the greatest common divisor of f and 36?
9
Let g be 4/14 + (-867)/21. Let t = -40 + 15. Let q = t - g. Calculate the greatest common factor of 2 and q.
2
Suppose 32 = -z + 5*z. Calculate the highest common factor of z and 40.
8
Suppose -2*q - 15 = -3*q. Calculate the greatest common divisor of 165 and q.
15
Suppose -4*x + s = -299, 5*x + 5*s = 3*x + 155. Calculate the greatest common factor of x and 50.
25
Let c(r) = -2*r + 1. Suppose -2*p = -6*p - 20. Let z be c(p). Let t = -47 + 102. What is the greatest common factor of t and z?
11
Suppose 2*s = -5*t - 156, s = 2*t + 13 - 109. Suppose h + 72 = -3*w, -3*w + 2*w = 2*h + 124. Let f = h - s. Calculate the highest common divisor of f and 42.
14